g, 2*t = -0*t + 4*g + 18. Let o = t + -3. List the prime factors of f(o).
2, 5
Let b(o) = -o**3 + o**2 + 145*o + 58. List the prime factors of b(-17).
5, 13, 43
Suppose -3*s + s = 8. Let y be -5*s/((-16)/(-4)). Suppose -3*q - y*d = 5 - 75, 0 = 5*q - d - 70. What are the prime factors of q?
3, 5
Suppose 13*u - 18*u + 88 = 3*r, 2*r - 62 = -4*u. Suppose 2*z + 0 - 2 = 0. Let g = r + z. What are the prime factors of g?
2, 11
Let m(l) = 32*l - 17. Let p(n) = -n**3 + 15*n**2 + 17*n - 11. Let s be p(16). List the prime factors of m(s).
11, 13
Let o(j) = 7 - 2 + 162*j - 171*j. What are the prime factors of o(-1)?
2, 7
Let g = 38 + -25. Let k = 3 - -1. Suppose 0*s + g = s + k*z, z = 0. What are the prime factors of s?
13
Suppose 10*z = 47 + 33. Suppose z*w - 4*w = 256. What are the prime factors of w?
2
Let t(v) = v**3 - 5*v**2 - 10*v + 6. Let c be 21/(-14) + (-34)/(-4). What are the prime factors of t(c)?
2, 17
Suppose -5*c + 54 + 86 = 0. Suppose 6*n = 2*n + 3*p - c, 2*p - 28 = 4*n. Let o(j) = -2*j - 2. What are the prime factors of o(n)?
2, 3
Suppose 4*b - 4*y = 676, 3*b - 5*y = -9*y + 507. List the prime factors of b.
13
Let l(g) = g**3 + 2*g**2 - 2*g - 18. Let a be l(0). List the prime factors of 245/(-30)*-19 - (-3)/a.
5, 31
Let t(l) = l + 15. Let x be t(-11). Suppose -4*a + 2*g = -12, -5*a - 4*g - 2 = -x. Suppose -4*c - 130 = -5*n, 5*c - 73 = -a*n - 21. List the prime factors of n.
2, 13
Suppose 0 = -2*s + 10 - 6. Suppose -o = -s*b + 60, -3 = -o + 1. What are the prime factors of b?
2
Let m = 32 + -20. Suppose -o + 9 = -m. List the prime factors of o.
3, 7
Suppose -5*s = 3*f - 283, -4*f = -12*s + 11*s - 339. List the prime factors of f.
2, 43
Let k be (-16 + 9/3)*-5. Let y = 88 - k. What are the prime factors of y?
23
Let p(x) = x**3 + 4*x**2 + 32*x - 2. List the prime factors of p(9).
13, 103
Let k(z) = -17*z**3 + z**2 + 5*z + 3. List the prime factors of k(-3).
2, 3, 19
Suppose 0 = -32*x + 33*x - 798. List the prime factors of x.
2, 3, 7, 19
Let x = -77 - -166. Suppose 0 = i + 5*r - 4 - 23, -3*r + x = 2*i. Let j = i - 27. What are the prime factors of j?
5
Suppose -5*v - 11 = -r, 5*r + 0*v + v - 55 = 0. Suppose r*c = 141 + 1355. What are the prime factors of c?
2, 17
Let g be (-6)/4*(-3080)/21. Suppose -g = -5*a + 50. Suppose 2*u - 40 = a. List the prime factors of u.
47
Suppose u = -9*x + 18659, 0 = -3*x + 3*u + u + 6211. What are the prime factors of x?
3, 691
Let v(b) = -327*b - 294. What are the prime factors of v(-8)?
2, 3, 43
Suppose 0 = -5*s + 1133 + 217. Let x = s - 144. List the prime factors of x.
2, 3, 7
Suppose -15*t + 11796 = -4119. What are the prime factors of t?
1061
Let g = 3 - 31. Let l = -26 - g. List the prime factors of l/3*(-675)/(-18).
5
Suppose 5*r = -4*m - m + 3210, -2*m - 3*r + 1280 = 0. What are the prime factors of m?
2, 17, 19
Let w(v) = v**2 - 6*v + 7. Let h be w(5). Suppose 0 = 5*f + l + h*l - 387, -4*f = -2*l - 292. List the prime factors of f.
3, 5
Suppose -1476 = -3*l - c + 1999, -3*c + 2305 = 2*l. List the prime factors of l.
2, 5, 29
Let s be (-4)/10 + (-14)/(-35). Let v = -2 - 1. Let d = s - v. List the prime factors of d.
3
Let j(v) = -v**2 - 6*v + 5. Let a be j(-6). Let i = -83 + 83. Suppose -a = -n - i. List the prime factors of n.
5
Let q(r) = -r**2 - 11*r + 8. Let w = -12 - -15. Suppose -23 = w*a + 7. List the prime factors of q(a).
2, 3
What are the prime factors of -11 + -2*(4 + -391)?
7, 109
Let y(u) = -4*u - 9. Let z be y(4). List the prime factors of (140/(-50))/(1/z).
2, 5, 7
Let f(p) = -p**3 - 7*p**2 + 6*p - 4. Let d be f(-8). Suppose -7*x - 230 = -d*x. List the prime factors of x.
2, 23
Suppose 16 = 4*d, -5*d = 6*u - u - 75. What are the prime factors of u?
11
Let d = -107 - -365. List the prime factors of d.
2, 3, 43
Let i(v) = 2 - 4 - 5 + 27*v. List the prime factors of i(3).
2, 37
What are the prime factors of 15/(-25) - 21/70*-3442?
2, 3, 43
Suppose 2*r = 6*w - 3*w + 15, 0 = 3*r + 4*w - 31. Suppose j = -4*i + 13, 3*i - 4*j + r = -j. Suppose 130 = 3*v + i*v. List the prime factors of v.
2, 13
Let f(a) be the second derivative of a**4/6 - 7*a**3/6 - 5*a + 6. Let d(o) = o**3 - 4*o**2 - 4*o + 1. Let k be d(5). List the prime factors of f(k).
2, 3, 5
Let m = -1871 - -5574. List the prime factors of m.
7, 23
Let o(y) = -5*y - 7 + y - y + 3*y**2. What are the prime factors of o(-4)?
61
Let z(x) = x**2 + x - 5. Let q be z(5). List the prime factors of (0 - 2)/((-10)/q).
5
Let h(o) = -10*o**2 - o + 1. Let n(v) = 3*v**2. Let u(f) = 2*h(f) + 7*n(f). Suppose 0*j = 3*s + 4*j - 14, s + 4*j - 2 = 0. List the prime factors of u(s).
2, 13
Suppose 337*l = 332*l + 21690. What are the prime factors of l?
2, 3, 241
Let v = -77 + 118. Let d = v + 23. What are the prime factors of d?
2
List the prime factors of (117 - 118)/(1*1/(-238)).
2, 7, 17
Let k = 5 - 4. Suppose -17 = -2*u + k. Suppose b - 5*h = 2*b - u, -5*h - 5 = 0. List the prime factors of b.
2, 7
List the prime factors of (6/20)/(4/(-8))*-835.
3, 167
Suppose 2*u - 1126 = 2*i, -2*u + u = -4*i - 563. What are the prime factors of u?
563
Let j(z) = -2 + 4*z**2 + 2*z - 3*z**2 - 1. Let v be j(-3). Suppose 3*x - 108 + 30 = v. List the prime factors of x.
2, 13
Let j(o) = 1922*o**2 + 4*o - 2. List the prime factors of j(1).
2, 13, 37
Suppose 2*g = 5*x + 1052, 8*x = g + 12*x - 500. List the prime factors of g.
2, 3, 43
Suppose 3*g + 5*h = 24, 17 = 4*g + 3*h - 4. Let u be 6/9 - (-4)/g. Suppose u*y - 10 = 0, -5*q + 4*q = 2*y - 31. What are the prime factors of q?
3, 7
Let t(q) = 5*q**3 - 3*q**2 + 4*q + 6. Let x = -34 + 30. Let d(c) = c**3 - c**2 + c - 1. Let r(o) = x*d(o) + t(o). What are the prime factors of r(0)?
2, 5
Let n be -2 - 1 - (-14 + 6). Suppose -3*r + 264 = n*j, -367 + 103 = -3*r - j. Suppose 0 = 9*v - 5*v - r. List the prime factors of v.
2, 11
Let b = -1191 - -1749. List the prime factors of b.
2, 3, 31
Let h(m) = 2*m**2 - m**2 - 3*m + 1 + 2*m + 0*m**2 + 58*m**3. Let c be h(1). Suppose -5*p + 3*v + 30 + c = 0, 2*v = 4. List the prime factors of p.
19
Let z = -151 + 328. List the prime factors of z.
3, 59
Suppose 4 = -7*h + 3*h. List the prime factors of h - 111/(-2) - (-11)/22.
5, 11
Let q = -15 + 19. Suppose -29 = -3*d + q. Suppose -d*l = -15*l + 28. What are the prime factors of l?
7
Let x(q) = 106*q**2 + 2*q + 2. Let j(w) = w**3 + 2*w**2 + 3*w + 5. Let u be j(-2). What are the prime factors of x(u)?
2, 53
List the prime factors of (76/(-7))/(6/(-357)).
2, 17, 19
Let s(a) = -35 + a + 15 + 14*a. What are the prime factors of s(16)?
2, 5, 11
Let b = 840 + -561. What are the prime factors of b?
3, 31
Suppose -z = 6*z - 21. Suppose 2 = -z*v + 4*v. Suppose 4*p - 92 = -2*n, -v*n - 5 + 112 = p. What are the prime factors of n?
2, 7
Suppose -3*u = 3*p - 1518, 5*p - 4*u + 2*u = 2516. What are the prime factors of p?
2, 3, 7
Suppose -4*g - 414 = 238. Let j = g + 116. Let z = j + 83. List the prime factors of z.
2, 3
Let h(m) = 2*m - 4. Let k be h(4). Suppose 0 = 2*p - k*p + 8. Suppose -p*g - g = -3*b - 139, 0 = -5*g - 2*b + 124. List the prime factors of g.
2, 13
Suppose -5*f = 5*w - 320 - 100, -9 = -3*w. Let h(r) = -r**3 - 10*r**2 + 11*r + 7. Let v be h(-11). Suppose v + f = 4*m. List the prime factors of m.
2, 11
Let t(l) = -l**3 - 6*l**2 - 17*l - 20. List the prime factors of t(-5).
2, 5
Let k(q) = -q**3 - 8*q**2 - 8*q - 5. Let m(h) = h**3 + 10*h**2 + 9*h - 7. Let j be m(-9). Let w be k(j). What are the prime factors of w/6 + 220/6?
37
Let g(m) = -m**3 + 20*m**2 - 24*m + 25. Suppose -68 - 4 = -4*d. List the prime factors of g(d).
241
Let z(x) = -15 + 27*x - 15 - 33*x - 2. What are the prime factors of z(-6)?
2
Let f be (950/(-57))/(2/(-15)). Let k = f + -80. List the prime factors of k.
3, 5
Let v(r) = r**2 + 7*r - 11. Let d be v(-9). Suppose 0 = -4*o + d*o - 654. What are the prime factors of o?
2, 109
Let m(n) = n**2 + 10*n + 15. Let k = 52 + -65. List the prime factors of m(k).
2, 3
Let w(i) = -i**2 + 5*i - 1. Let q be w(4). Let s(j) be the first derivative of j**4/4 - 4*j**3/3 + 5*j**2/2 - 4*j + 91. What are the prime factors of s(q)?
2
Suppose -4*o - 4 = 3*k, -5*k = -k + 3*o + 3. Suppose -16*l + 15*l + 79 = k. List the prime factors of l.
79
Let r(q) = -141*q**3 + 4*q**2 + 5*q + 2. Let d = -34 + 33. List the prime factors of r(d).
2, 71
Suppose 